digit of 25931221?
2
What is the thousands digit of 2380603?
0
What is the thousands digit of 5573322?
3
What is the hundred thousands digit of 691104?
6
What is the millions digit of 1174149?
1
What is the thousands digit of 31353032?
3
What is the units digit of 7197259?
9
What is the thousands digit of 85692?
5
What is the hundreds digit of 352047?
0
What is the hundreds digit of 6958002?
0
What is the hundred thousands digit of 1389105?
3
What is the hundred thousands digit of 2890676?
8
What is the units digit of 215332?
2
What is the tens digit of 39901?
0
What is the units digit of 5629761?
1
What is the hundreds digit of 6123354?
3
What is the tens digit of 329357?
5
What is the hundreds digit of 555180?
1
What is the millions digit of 2542145?
2
What is the hundreds digit of 5134758?
7
What is the ten millions digit of 16717294?
1
What is the hundred thousands digit of 3413396?
4
What is the thousands digit of 2259336?
9
What is the tens digit of 2255305?
0
What is the thousands digit of 12485392?
5
What is the thousands digit of 214968?
4
What is the thousands digit of 189458?
9
What is the units digit of 162536?
6
What is the hundreds digit of 677894?
8
What is the ten thousands digit of 3067105?
6
What is the thousands digit of 3161719?
1
What is the hundreds digit of 13014371?
3
What is the ten thousands digit of 894340?
9
What is the tens digit of 507902?
0
What is the units digit of 510407?
7
What is the hundred thousands digit of 117192?
1
What is the millions digit of 2562064?
2
What is the tens digit of 264901?
0
What is the ten thousands digit of 12561606?
6
What is the ten thousands digit of 1207088?
0
What is the units digit of 761297?
7
What is the ten thousands digit of 2049257?
4
What is the hundred thousands digit of 1333255?
3
What is the millions digit of 2726043?
2
What is the hundred thousands digit of 9138380?
1
What is the thousands digit of 806494?
6
What is the ten thousands digit of 4795140?
9
What is the units digit of 1811459?
9
What is the thousands digit of 18471?
8
What is the ten thousands digit of 2391343?
9
What is the thousands digit of 244699?
4
What is the hundreds digit of 3972597?
5
What is the hundreds digit of 9286851?
8
What is the hundred thousands digit of 348202?
3
What is the tens digit of 16925171?
7
What is the ten thousands digit of 593872?
9
What is the ten millions digit of 25141608?
2
What is the ten thousands digit of 188345?
8
What is the units digit of 782510?
0
What is the tens digit of 25536?
3
What is the hundreds digit of 284607?
6
What is the thousands digit of 14177177?
7
What is the thousands digit of 41356?
1
What is the tens digit of 1360277?
7
What is the millions digit of 1798110?
1
What is the units digit of 638131?
1
What is the hundreds digit of 54562?
5
What is the thousands digit of 18061132?
1
What is the thousands digit of 240855?
0
What is the ten thousands digit of 260087?
6
What is the hundreds digit of 2518392?
3
What is the ten thousands digit of 27810839?
1
What is the hundred thousands digit of 251493?
2
What is the tens digit of 831725?
2
What is the thousands digit of 534775?
4
What is the ten millions digit of 14898571?
1
What is the hundred thousands digit of 2348410?
3
What is the hundreds digit of 133330?
3
What is the hundreds digit of 20215872?
8
What is the thousands digit of 1748394?
8
What is the ten thousands digit of 126475?
2
What is the ten millions digit of 28565559?
2
What is the millions digit of 27680856?
7
What is the hundred thousands digit of 324827?
3
What is the thousands digit of 3879355?
9
What is the ten thousands digit of 4712110?
1
What is the hundreds digit of 40187542?
5
What is the tens digit of 83005?
0
What is the ten thousands digit of 1319421?
1
What is the millions digit of 4052187?
4
What is the units digit of 27231?
1
What is the hundreds digit of 1553472?
4
What is the thousands digit of 333441?
3
What is the thousands digit of 316040?
6
What is the ten thousands digit of 12551376?
5
What is the thousands digit of 288427?
8
What is the millions digit of 1363806?
1
What is the thousands digit of 27563817?
3
What is the ten thousands digit of 329398?
2
What is the units digit of 1036886?
6
What is the hundreds digit of 358599?
5
What is the tens digit of 244405?
0
What is the thousands digit of 1941649?
1
What is the hundreds digit of 115529?
5
What is the hundreds digit of 4108284?
2
What is the hundreds digit of 1558467?
4
What is the ten thousands digit of 83052?
8
What is the units digit of 8623675?
5
What is the millions digit of 1000438?
1
What is the tens digit of 21064?
6
What is the hundreds digit of 2353354?
3
What is the units digit of 2398470?
0
What is the units digit of 18409067?
7
What is the hundreds digit of 708920?
9
What is the hundreds digit of 347187?
1
What is the units digit of 321693?
3
What is the tens digit of 718729?
2
What is the ten millions digit of 11173912?
1
What is the millions digit of 10134977?
0
What is the units digit of 4495532?
2
What is the ten thousands digit of 14939521?
3
What is the tens digit of 1108246?
4
What is the units digit of 1391797?
7
What is the tens digit of 1589345?
4
What is the ten millions digit of 10929599?
1
What is the thousands digit of 298057?
8
What is the thousands digit of 95681?
5
What is the ten thousands digit of 1983211?
8
What is the ten thousands digit of 61204?
6
What is the units digit of 34096?
6
What is the tens digit of 24254649?
4
What is the hundreds digit of 2311489?
4
What is the thousands digit of 257890?
7
What is the ten millions digit of 18721895?
1
What is the thousands digit of 415027?
5
What is the ten thousands digit of 1494915?
9
What is the units digit of 3736887?
7
What is the units digit of 11806559?
9
What is the thousands digit of 644597?
4
What is the units digit of 6074254?
4
What is the hundred thousands digit of 32685260?
6
What is the thousands digit of 6517296?
7
What is the units digit of 853538?
8
What is the hundred thousands digit of 2293171?
2
What is the ten thousands digit of 350351?
5
What is the hundreds digit of 970842?
8
What is the millions digit of 4032818?
4
What is the hundreds digit of 1632340?
3
What is the tens digit of 205333?
3
What is the units digit of 585846?
6
What is the hundred thousands digit of 336102?
3
What is the units digit of 4528894?
4
What is the ten thousands digit of 2412558?
1
What is the hundred thousands digit of 27354029?
3
What is the millions digit of 23844510?
3
What is the thousands digit of 29783054?
3
What is the ten thousands digit of 6311694?
1
What is the thousands digit of 2478821?
8
What is the hundreds digit of 4750?
7
What is the hundred thousands digit of 2676794?
6
What is the hundreds digit of 85947?
9
What is the hundred thousands digit of 8814459?
8
What is the hundred thousands digit of 1912221?
9
What is the thousands digit of 6114701?
4
What is the units digit of 3705407?
7
What is the units digit of 82701?
1
What is the tens digit of 1160109?
0
What is the units digit of 6212?
2
What is the ten thousands digit of 21194318?
9
What is the hundred thousands digit of 412376?
4
What is the thousands digit of 4369054?
9
What is the ten thousands digit of 133264?
3
What is the ten thousands digit of 70487?
7
What is the thousands digit of 294568?
4
What is the units digit of 2308661?
1
What is the hundreds digit of 6851609?
6
What is the ten thousands digit of 27404681?
0
What is the tens digit of 162308?
0
What is the tens digit of 5261966?
6
What is the thousands digit of 6266580?
6
What is the millions digit of 7585483?
7
What is the hundreds digit of 4030932?
9
What is the hundreds digit of 3318081?
0
What is the thousands digit of 53435?
3
What is the thousands digit of 951169?
1
What is the hundred thousands digit of 1233275?
2
What is the ten thousands digit of 1020218?
2
What is the thousands digit of 5866704?
6
What is the units digit of 6540385?
5
What is the ten thousands digit of 12697951?
9
What is the thousands digit of 28379412?
9
What is the tens digit of 4459724?
2
What is the units digit of 7734852?
2
What is the thousands digit of 505995?
5
What is the hundreds digit of 17936943?
9
What is the units digit of 6992144?
4
What is the hundred 